-6
Let y(u) = u**3 - 3*u**2 - u + 12. Calculate y(3).
9
Let j(z) = 41*z**2 + 2*z. Calculate j(1).
43
Let x(a) = a**3 - 25*a**2 + 22*a + 53. Calculate x(24).
5
Let g(u) = -8*u**2 + 4*u - 2. What is g(2)?
-26
Let h(i) = i**3 + 11*i**2 + 3*i + 7. What is h(-11)?
-26
Let c(d) = 2*d - 5. Give c(14).
23
Let f(v) = v**2 - 9*v + 7. Determine f(10).
17
Let v(c) = -9*c + 8. Determine v(-3).
35
Let v(f) = f**3 - 8*f**2 - 9*f - 38. What is v(9)?
-38
Let t(h) = -h**3 - 4*h**2 - 5*h + 1. Give t(-3).
7
Let m(s) = -63*s - 130. Determine m(-2).
-4
Let t(q) = -q**3 + 9*q**2 + 10*q + 2. Determine t(10).
2
Let q(a) = -4*a + 7. Determine q(3).
-5
Let l(r) = 8*r**3 - r - 1. Calculate l(-1).
-8
Let r(k) = k**3 - 28*k**2 + 30*k - 90. Calculate r(27).
-9
Let g(l) = 2*l**3 + 91*l**2 + 44*l - 42. What is g(-45)?
3
Let r(d) = d**3 + d - 31. Determine r(0).
-31
Let p(v) = -v**3 + 2*v**2 + v - 5. Calculate p(4).
-33
Let q(h) = 14*h. Calculate q(0).
0
Let g(c) = c**2 - c - 11. Determine g(-3).
1
Let p(x) = 5*x + 25. Calculate p(-6).
-5
Let k(d) = -d**3 - d - 3. Calculate k(3).
-33
Let a(d) = d**2 - 2*d - 23. Determine a(-5).
12
Let j(k) = -k**3 + 8*k**2 - 4*k + 4. Give j(7).
25
Let a(q) = -2*q**3 - 4*q**2 + 7*q + 20. Give a(-2).
6
Let i(t) = -2*t + 24. Calculate i(13).
-2
Let q(y) = -y**3 + 6*y**2 - 12*y + 9. Determine q(4).
-7
Let s(v) = -2*v - 17. Give s(-4).
-9
Let m(o) = -o + 2. Give m(10).
-8
Let g(p) = p**2 + 11*p - 6. What is g(-12)?
6
Let j(u) = -u**2 + 6*u - 3. Give j(3).
6
Let z(c) = 15*c + 9. What is z(-3)?
-36
Let t(f) = -f**3 - 7*f**2 + 5*f - 2. What is t(-6)?
-68
Let m(u) = -6*u - 15. Calculate m(-4).
9
Let m(i) = i + 2. What is m(-6)?
-4
Let u(o) = -o**3 + 8*o**2 - 9*o + 8. Give u(7).
-6
Let i(w) = -2*w**3 - 11*w**2 + 4*w - 12. What is i(-6)?
0
Let s(z) = z**2 - 25*z - 25. Give s(25).
-25
Let u(q) = -187*q - 2240. Determine u(-12).
4
Let f(h) = h - 32. Determine f(-13).
-45
Let y(i) = -5*i - 24. Calculate y(-9).
21
Let g(l) = -l**2 - 4*l - 5. Give g(-2).
-1
Let x(t) = t**3 + 10*t**2 + 9*t + 9. What is x(-9)?
9
Let i(m) = -20*m + 277. Calculate i(15).
-23
Let k(s) = s + 14. Determine k(14).
28
Let s(b) = 8*b - 12. Give s(5).
28
Let z(f) = -f**3 - 10*f**2 - 8*f + 9. Determine z(-9).
0
Let w(k) = k**3 + 12*k**2 - 13*k - 1. Determine w(-13).
-1
Let p(l) = l**2 - 5*l - 17. What is p(7)?
-3
Let k(l) = -l**2 - 11*l - 25. Determine k(-7).
3
Let m(x) = x**3 - 10*x**2 - 14*x + 27. Give m(11).
-6
Let w(v) = -v**3 - 23*v**2 - 18*v + 75. Calculate w(-22).
-13
Let f(v) = -v**3 - 4*v**2 + 4. Calculate f(-2).
-4
Let x(z) = 3*z**2 + z - 138. Give x(0).
-138
Let l(i) = -16*i + 17. What is l(2)?
-15
Let w(m) = m**2 - 15*m - 7. Give w(15).
-7
Let q(o) = 12*o - 12. Determine q(-2).
-36
Let t(h) = h**2 - 9*h - 15. Give t(-4).
37
Let g(w) = w**2 + 50*w + 231. Give g(-5).
6
Let q(r) = -r**2 - 21*r + 278. What is q(9)?
8
Let s(v) = -v**2 + 10*v + 7. Determine s(12).
-17
Let i(z) = -z**3 + 5*z**2 + 8*z - 4. Give i(6).
8
Let p(u) = u**3 + 17*u**2 + u + 22. Determine p(-17).
5
Let c(y) = 6*y**2 + y + 10. Calculate c(3).
67
Let n(d) = d**3 - d**2 - 23. Give n(0).
-23
Let o(h) = -31*h**3 - h**2 + h - 1. Give o(1).
-32
Let d(s) = 16*s - 6. Give d(1).
10
Let y(r) = -9*r - 186. Give y(-19).
-15
Let f(s) = -s**3 - 8*s**2 - 10*s + 12. Give f(-6).
0
Let o(s) = s**2 - 37*s + 98. What is o(3)?
-4
Let y(t) = -13*t - 47. Determine y(-4).
5
Let o(r) = r**3 - 5*r**2 + 4*r - 4. Determine o(5).
16
Let z(p) = -2*p - 12. Calculate z(6).
-24
Let i(l) = l**3 - 19*l**2 - 41*l - 36. Determine i(21).
-15
Let u(i) = -i**3 + 48*i**2 - 134*i - 50. Give u(45).
-5
Let b(l) = -l**2 + 16*l + 6. Give b(17).
-11
Let n(f) = -2*f**2 + 6*f - 8. Give n(3).
-8
Let t(n) = 2*n**3 - 2*n**2 + n + 1. What is t(2)?
11
Let z(m) = -m**3 + 16*m**2 + 2*m - 4. Calculate z(16).
28
Let u(x) = x**2 + 8*x + 1. Give u(-10).
21
Let u(c) = 5*c - 68. Give u(12).
-8
Let w(r) = -3*r + 1. Determine w(5).
-14
Let k(t) = -t**2 - 3*t + 1. What is k(-12)?
-107
Let m(l) = 3*l**3 + 2*l**2 + 11*l - 3. Determine m(-3).
-99
Let v(l) = l**3 + 23*l**2 + 6*l + 133. What is v(-23)?
-5
Let j(f) = f**2 - 10*f - 13. Give j(13).
26
Let j(c) = -c**2 + 13*c + 37. Give j(15).
7
Let x(k) = 2*k + 4. Give x(7).
18
Let j(o) = -3*o + 5. Determine j(-3).
14
Let u(b) = -4*b + 33. What is u(6)?
9
Let x(c) = -c**2 - 3*c + 3. Calculate x(5).
-37
Let u(d) = -d**2 - 8*d - 7. Determine u(-8).
-7
Let o(s) = -3*s**3 - 4*s**2 - 3*s - 1. Determine o(-2).
13
Let v(j) = -j**3 + 12*j**2 + j - 5. Determine v(12).
7
Let t(s) = s**3 - 14*s**2 + 18*s + 7. What is t(11)?
-158
Let p(j) = -20*j + 12. Give p(-2).
52
Let p(g) = 2*g**2 + 11*g - 96. Determine p(6).
42
Let i(o) = o**3 + 3*o**2 - 2*o - 4. What is i(0)?
-4
Let b(a) = -a - 9. Calculate b(-10).
1
Let n(g) = -g**2 - 7*g - 1. Calculate n(-5).
9
Let t(y) = y**3 - 8*y**2 + 5*y - 3. Give t(3).
-33
Let o(q) = -q**2 + 50*q - 148. Calculate o(47).
-7
Let y(f) = 17*f**2 + 4*f + 3. Calculate y(-1).
16
Let b(u) = -u**2 - 2*u + 16. What is b(3)?
1
Let g(w) = 7*w + 157. What is g(-20)?
17
Let b(g) = -14*g**3 - g**2 - 2*g - 2. Determine b(-1).
13
Let x(g) = 12*g**2 + 3*g + 1. Give x(1).
16
Let m(f) = 2*f**2 + 12*f - 19. Give m(-7).
-5
Let b(x) = 3*x + 6. Calculate b(-8).
-18
Let u(s) = 10*s**3 + s**2 - 4*s - 5. Give u(-1).
-10
Let z(j) = -j**3 - 10*j**2 - 9*j - 7. Give z(-9).
-7
Let z(v) = -7*v**2 + 2*v - 1. Determine z(1).
-6
Let b(m) = 9*m + 46. Determine b(-5).
1
Let q(v) = v**3 + 19*v**2 - 9*v + 216. Give q(-20).
-4
Let y(i) = i**2 + 10*i - 6. Calculate y(-10).
-6
Let n(b) = -b**2 - 17*b - 17. Calculate n(-13).
35
Let w(z) = -z**3 - z - 3. Calculate w(-3).
27
Let u(h) = 4*h**2 - 12*h - 10. Give u(6).
62
Let h(i) = -2*i**2 - 6*i + 14. Calculate h(-6).
-22
Let x(m) = -m**3 + 12*m**2 - 14*m + 19. What is x(11)?
-14
Let k(u) = -2*u**2 - 21*u + 44. Give k(2).
-6
Let p(r) = r + 9. Calculate p(-5).
4
Let t(i) = 2*i**2 - 65*i - 84. Determine t(34).
18
Let f(p) = 14*p - 446. Give f(35).
44
Let l(b) = -12*b - 2. What is l(-15)?
178
Let k(n) = 2*n**2 + 21*n - 6. What is k(-10)?
-16
Let s(q) = q**3 - 13*q**2 - 4*q + 24. Give s(13).
-28
Let l(z) = z**3 - 3*z**2 - 4. Give l(4).
12
Let u(f) = -f**3 + 3*f**2 + 2*f + 1. What is u(3)?
7
Let g(b) = -54*b - 1031. Calculate g(-19).
-5
Let k(z) = -z**3 - 16*z**2 + 35*z - 16. Determine k(-18).
2
Let n(c) = -4*c**2 + 20*c + 3. Give n(9).
-141
Let x(o) = o**2 - 15*o + 3. Calculate x(8).
-53
Let j(b) = -b**2 + 4*b + 11. Calculate j(4).
11
Let w(r) = -r**3 + 7*r**2 - 8*r + 5. Determine w(6).
-7
Let i(k) = 15*k - 99. Determine i(5).
-24
Let l(z) = z**2 - 2. What is l(2)?
2
Let u(v) = -9*v**2 + 15*v + 3. Give u(2).
-3
Let v(s) = 40*s + 806. Give v(-20).
6
Let o(j) = -29*j + 209. Determine o(7).
6
Let s(a) = -12*a + 12. Give s(2).
-12
Let x(w) = -9*w + 15. What is x(6)?
-39
Let o(v) = 2*v**2 - 29*v + 35. Give o(14).
21
Let r(o) = -39*o + 36. Calculate r(1).
-3
Let j(f) = -3*f + 3. Calculate j(-6).
21
Let u(j) = -2*j**3 - 95*j**2 - 47*j + 6. What is u(-47)?
6
Let g(r) = r**2 - 16*r - 142. Give g(-7).
19
Let q(i) = -i**3 - 6*i**2 + 7*i - 3. What is q(-7)?
-3
Let s(x) = x**2 - 44*x + 88. Give s(42).
4
Let l(h) = -2*h**2 - 15*h - 6. What is l(-12)?
-114
Let a(p) = 4*p**2 + 7*p + 5. Determine a(-2).
7
Let p(t) = -t**3 + t**2 + t - 32. Calculate p(0).
-32
Let u(o) = 4*o - 188. Determine u(21).
-104
Let c(j) = j**3 + 6*j**2 - 10*j - 5. Give c(-7).
16
Let a(o) = -8*o**2 + 7*o - 16. What is a(3)?
-67
Let q(m) = 18*m + 84. What is q(-4)?
12
Let t(v) = -v**3 + v**2 + 6*v + 12. What is t(4)?
-12
Let p(z) = 2*z - 12. Determine p(12).
12
Let s(w) = -w**3 - 10*w**2 + 18*w - 4. Give s(-12).
68
Let a(v) = -4*v + 17. Give a(-6).
41
Let a(l) = 8*l - 11. Determine a(7).
45
Let j(r) = 6*r + 9. Calculate j(-13).
-69
Let a(k) = 39*k**3 - k**2 + k + 1. Determine a(-1).
-40
Let y(t) = 31*t + 5. Determine y(1).
36
Let t(q) = -q**3 - 6*q**2 - 5*q + 7. Determine t(-4).
-5
Let k(b) = -7*b**2 + 17*b + 45. Determine k(-2).
-17
Let r(d) = -d**3 + 5*d**2 + 3*d + 5. Determine r(6).
-13
Let x(m) = -m**3 + 5*m**2 - 7*m + 5. Give x(5).
-30
Let i(k) = k**3 - 6*k**2 - 7*k + 2. Determine i(7).
2
Let x(t) = t**2 - 18*t + 8. Give x(16).
-24
Let c(r) = -54*r + 116. Calculate c(2).
8
Let s(k) = -21*k + 525. What is s(25)?
0
Let x(m) = m + 3. What is x(0)?
3
Le